 Calculate a(21).
80
Let j(g) = 3336*g - 110056. Give j(33).
32
Let d(g) = -89*g**2 + 2828*g + 247. Calculate d(32).
-393
Let j(d) = -22*d**2 + 234*d - 203. Give j(9).
121
Let n(m) = -m**3 - 544*m**2 - 3856*m + 231558. Give n(-536).
6
Let q(w) = -2067*w - 30865. Determine q(-15).
140
Let j(c) = -10318*c - 103137. What is j(-10)?
43
Let f(q) = -208*q + 53165. Determine f(231).
5117
Let l(u) = -u**3 + 47*u**2 - 341*u + 6821. Determine l(43).
-446
Let h(a) = 602*a + 283. Give h(-1).
-319
Let p(d) = 5*d**2 + 728*d - 28834. Give p(-178).
2
Let n(u) = 10*u**2 - 375*u - 1755. Determine n(-5).
370
Let k(p) = 10159*p + 121701. Give k(-12).
-207
Let y(h) = 2*h**2 + 1407*h + 196715. Calculate y(-511).
-20
Let c(t) = 447*t**2 - 2640*t - 195. Determine c(6).
57
Let o(x) = -x**3 - 16*x**2 + 91*x - 3386. Give o(-25).
-36
Let s(t) = t**2 - 1713*t + 642559. Determine s(555).
-131
Let f(b) = 13869*b - 332843. Give f(24).
13
Let l(w) = -243*w**3 + 9963*w**2 + 34*w - 1376. Determine l(41).
18
Let s(d) = -d**2 - 5*d + 47520. Give s(215).
220
Let q(u) = -2*u**3 + 123*u**2 - 1149*u + 418. Calculate q(11).
0
Let m(f) = -10*f**2 + 247*f - 1043. Give m(11).
464
Let g(s) = 19702*s + 788078. Determine g(-40).
-2
Let u(l) = 3*l**3 - 54*l**2 + 144*l - 41. Calculate u(14).
-377
Let o(k) = k**3 - 953*k**2 - 3835*k - 24. Determine o(-4).
4
Let s(q) = 3087*q - 24704. Calculate s(8).
-8
Let p(q) = 12925*q - 78130. Give p(6).
-580
Let i(y) = -y**2 - 168*y + 39947. What is i(145)?
-5438
Let m(g) = -741*g**2 + 82*g - 205. What is m(3)?
-6628
Let w(b) = 3*b**2 + 86*b - 156. Give w(-20).
-676
Let a(w) = -7137*w - 1342063. Give a(-188).
-307
Let m(s) = 1072*s**2 - 27877*s + 118. Give m(26).
-12
Let i(j) = -j**3 - j**2 - 1146*j - 9617. Calculate i(-8).
-1
Let c(m) = -m**2 - 6420*m + 1750707. What is c(262)?
23
Let j(p) = 3954*p + 2226129. Give j(-563).
27
Let i(o) = 32*o**3 + 27*o - 32. What is i(1)?
27
Let t(z) = -z**3 + 116*z**2 - 209*z - 2642. Give t(114).
-476
Let q(v) = -10596*v - 95390. Give q(-9).
-26
Let x(w) = -w**3 + 155*w**2 - 1318*w + 505. Give x(146).
-79
Let b(j) = 25050*j - 576329. Determine b(23).
-179
Let d(r) = -221363*r + 17487690. What is d(79)?
13
Let d(t) = -10*t**3 - 32*t**2 - 2043*t - 8211. Determine d(-4).
89
Let u(g) = 134*g**2 - 1460*g - 188. Determine u(11).
-34
Let q(r) = 3206*r - 35318. Calculate q(11).
-52
Let r(l) = 482981*l - 6278799. Determine r(13).
-46
Let s(k) = k**2 + 700*k - 6278. What is s(9)?
103
Let k(j) = -j**3 - 198*j**2 - 193*j - 38493. Determine k(-198).
-279
Let f(n) = -33142*n - 1292545. Determine f(-39).
-7
Let a(i) = -16258*i + 16269. Give a(1).
11
Let o(l) = -l**2 + 144196*l - 2883531. Calculate o(20).
-11
Let s(v) = 128*v - 21475. Determine s(173).
669
Let h(k) = 11*k**2 - 10738*k - 241565. Give h(-22).
-5
Let c(j) = j**3 - 35*j**2 + 331*j - 10098. Give c(34).
0
Let a(k) = 3*k**2 - 2169*k + 23564. Determine a(11).
68
Let z(g) = g**2 + 16*g + 17. Determine z(-16).
17
Let s(a) = -112226*a - 13354877. Calculate s(-119).
17
Let z(p) = -5*p**2 - 1641*p - 46071. Give z(-31).
-5
Let l(d) = 5424*d - 1448198. Give l(267).
10
Let q(v) = -402*v + 80427. Determine q(200).
27
Let o(r) = r**3 - 32*r**2 + 107*r + 329. Calculate o(28).
189
Let t(f) = -8*f**2 - 364*f - 1498. What is t(-5)?
122
Let t(s) = -15*s - 57. What is t(10)?
-207
Let j(z) = -7*z**2 + 94*z + 220. What is j(24)?
-1556
Let o(n) = -3*n**3 - 70*n**2 + 698*n - 456. What is o(-31)?
9
Let t(q) = q**3 - 123*q**2 + 2912*q - 340379. Give t(122).
1
Let k(o) = -3049*o**3 + 3*o**2 - 324*o - 326. Calculate k(-1).
3050
Let q(x) = -139*x + 6180. Give q(56).
-1604
Let v(p) = 1134*p - 17212. Calculate v(13).
-2470
Let f(c) = -c**3 + 37*c**2 + 213*c - 118. What is f(42)?
8
Let n(g) = -g**3 + 46*g**2 - 917*g + 7189. What is n(17)?
-19
Let a(d) = -47*d**2 + 247559*d - 247559. Determine a(1).
-47
Let i(r) = -80*r + 5263. Give i(30).
2863
Let b(v) = 30804*v + 739190. Calculate b(-24).
-106
Let h(y) = -34*y**2 - 612*y + 645. Give h(-19).
-1
Let h(i) = i**3 - 292*i**2 - 5271*i + 5688. What is h(309)?
126
Let a(c) = -c**2 - 657*c + 17108. Calculate a(25).
58
Let t(s) = 3*s**3 + 19*s**2 + 7*s + 15. Give t(-7).
-132
Let f(d) = 3*d**3 - 24*d**2 + 107*d - 69. Calculate f(9).
1137
Let b(t) = -54673*t + 3499230. Determine b(64).
158
Let z(t) = 2*t**2 + 44285*t + 177129. What is z(-4)?
21
Let k(v) = -v**2 + 129545*v + 2461717. Determine k(-19).
1
Let y(h) = 22*h**3 + 11*h**2 - 44*h + 19. What is y(3)?
580
Let k(v) = -1968*v + 13927. Give k(7).
151
Let t(c) = 20*c**3 - 227*c**2 + 118*c + 104. Give t(1).
15
Let r(z) = 63636*z - 190939. What is r(3)?
-31
Let k(t) = 8*t**3 - 21*t**2 - 38*t - 9. Calculate k(6).
735
Let p(z) = -63*z**2 + 450*z + 9. What is p(5)?
684
Let p(c) = 111*c + 424. Give p(9).
1423
Let h(b) = -5506*b + 137703. Calculate h(25).
53
Let m(h) = -169425*h + 2541223. Give m(15).
-152
Let s(w) = -53187*w + 7552558. Give s(142).
4
Let q(d) = -1452*d - 156779. Calculate q(-108).
37
Let l(y) = y**3 - 52*y**2 - 437*y + 24881. What is l(51)?
-7
Let x(h) = h**3 + 347*h**2 + 1712*h + 730. Give x(-342).
46
Let s(t) = 652*t**2 - 10460*t - 16. Give s(16).
-464
Let n(j) = -j**3 - 125*j**2 - 346*j + 2100. Calculate n(-122).
-340
Let p(h) = 48*h**3 - 137*h**2 + 384*h - 1206. What is p(3)?
9
Let j(h) = -7*h**2 - 676*h + 1658. Calculate j(-98).
678
Let i(r) = 6*r**3 - 3*r**2 + 36*r - 167. Determine i(4).
313
Let r(b) = -57*b - 1463. Give r(-23).
-152
Let s(n) = -n**2 + 4884*n - 131132. Calculate s(27).
7
Let c(l) = -l**3 - 89*l**2 + 14051*l + 1250500. What is c(-89)?
-39
Let f(o) = -367453*o - 1469817. Determine f(-4).
-5
Let o(g) = -462*g - 212845. Give o(-461).
137
Let l(z) = z**3 + 33*z**2 + 93*z - 83. Calculate l(-27).
1780
Let p(w) = 20954*w**2 + 63012*w + 448. What is p(-3)?
-2
Let x(o) = -o**2 - 24*o + 474. Determine x(-40).
-166
Let b(p) = 3*p**2 - 18027*p + 36051. What is b(2)?
9
Let k(l) = 94998*l - 189981. Give k(2).
15
Let w(l) = -75198*l - 1804762. What is w(-24)?
-10
Let j(b) = -b**2 - 836*b - 168159. Determine j(-337).
4
Let l(h) = -237*h**2 - 155920*h + 17100. Determine l(-658).
-8
Let g(x) = 4*x**3 - 886*x**2 + 472*x - 6674. Determine g(221).
-44
Let c(q) = -56512*q + 1130238. Give c(20).
-2
Let c(w) = 33032*w + 297304. What is c(-9)?
16
Let u(o) = -13140*o**2 + 118259*o + 18. Determine u(9).
9
Let v(b) = -42714*b - 939699. Give v(-22).
9
Let i(z) = z**2 + 252*z + 7154. Determine i(-217).
-441
Let t(j) = 5451*j + 70854. Calculate t(-13).
-9
Let v(h) = 12163*h - 267579. Calculate v(22).
7
Let i(p) = 22*p**2 - 2435*p + 4874. Calculate i(2).
92
Let p(u) = -2846*u + 2091832. Determine p(735).
22
Let a(h) = -2*h**3 + 19591*h**2 + 78398*h + 17. Determine a(-4).
9
Let o(d) = -6430*d - 25851. Determine o(-4).
-131
Let j(g) = -1233*g - 488294. Determine j(-396).
-26
Let t(x) = x**2 + 3*x + 81. Calculate t(14).
319
Let a(j) = -j**3 + 9*j**2 + 598*j - 3692. Calculate a(6).
4
Let f(l) = -3443*l + 3479. Calculate f(1).
36
Let y(l) = 351*l + 4481. Determine y(-14).
-433
Let n(r) = 439*r**2 + 2215*r. Calculate n(-5).
-100
Let l(d) = -13807*d - 386477. Give l(-28).
119
Let d(b) = -2*b**3 - 139*b**2 - 341*b + 40. Determine d(-67).
442
Let b(k) = -2*k**3 + 202*k**2 - 5*k + 392. Calculate b(101).
-113
Let t(x) = -5367*x - 209413. Calculate t(-39).
-100
Let d(b) = 12468*b + 74803. Determine d(-6).
-5
Let u(m) = m**2 - 60*m - 4721. Give u(-40).
-721
Let w(u) = 28*u**2 - 1997*u - 129. Determine w(72).
1239
Let m(n) = 88*n + 3675. What is m(-42)?
-21
Let b(v) = -3*v**3 - 408*v**2 - 2723*v - 1849. What is b(-129)?
-43
Let q(m) = -235905*m + 3302679. Give q(14).
9
Let j(f) = 11*f**2 - 4082*f + 382. What is j(371)?
11
Let p(l) = -2*l**3 + 109*l**2 - 79*l - 1366. Give p(54).
-2716
Let w(u) = 187*u**3 - 6*u**2 - 8*u + 18. Determine w(-2).
-1486
Let i(v) = 2*v**3 - 71*v**2 + 543*v + 1120. Determine i(22).
-2
Let y(m) = -1811*m - 25365. Give y(-14).
-11
Let g(p) = -p**2 + 851*p - 10834. What is g(13)?
60
Let k(p) = -2*p**3 + 13*p**2 + 9*p - 11. Determine k(-5).
519
Let n(r) = r**3 - 33*r**2 - 356*r - 252. Give n(-8).
-28
Let s(l) = l**3 + 250*l**2 + 755*l + 3593. Calculate s(-247).
135
Let t(w) = w**3 + 140*w**2 + 4993*w + 7668. Calculate t(-65).
-2
Let y(l) = 38*l + 4456. Give y(-105).
466
Let f(s) = 198779*s + 1192693. G